me factors of 257643681?
3, 85881227
List the prime factors of 36558645.
3, 5, 1511, 1613
List the prime factors of 60028095.
3, 5, 4001873
What are the prime factors of 18706790?
2, 5, 823, 2273
What are the prime factors of 144142658?
2, 11, 401, 16339
What are the prime factors of 93599740?
2, 5, 13, 599, 601
List the prime factors of 1666907021.
13, 631, 203207
What are the prime factors of 4009081403?
431, 9301813
What are the prime factors of 1528848265?
5, 7, 6240197
List the prime factors of 9446117.
9446117
What are the prime factors of 7263555?
3, 5, 13, 193
What are the prime factors of 50628490?
2, 5, 11, 29, 59, 269
What are the prime factors of 70197606?
2, 3, 3899867
What are the prime factors of 68176809?
3, 41, 2281
What are the prime factors of 298417095?
3, 5, 2210497
List the prime factors of 1088359228.
2, 11, 24735437
List the prime factors of 3207891612.
2, 3, 71, 389, 9679
List the prime factors of 341501212.
2, 13, 19, 179, 1931
List the prime factors of 253646643.
3, 79, 829, 1291
List the prime factors of 3000152918.
2, 7, 37, 1709, 3389
What are the prime factors of 336638101?
336638101
List the prime factors of 80067785.
5, 7, 127, 18013
List the prime factors of 728326502.
2, 364163251
What are the prime factors of 104763913?
4243, 24691
List the prime factors of 230313107.
631, 364997
What are the prime factors of 3160948521?
3, 1053649507
List the prime factors of 4122411.
3, 19, 31, 2333
What are the prime factors of 17783100?
2, 3, 5, 19759
What are the prime factors of 498537764?
2, 124634441
List the prime factors of 329686561.
401, 822161
What are the prime factors of 204237999?
3, 7, 23, 59, 2389
What are the prime factors of 3301553130?
2, 3, 5, 110051771
What are the prime factors of 894586864?
2, 55911679
What are the prime factors of 489288579?
3, 13, 12545861
What are the prime factors of 2185161430?
2, 5, 197, 1109219
What are the prime factors of 11051015?
5, 857, 2579
List the prime factors of 1723478022.
2, 3, 7, 353, 38749
What are the prime factors of 3368877290?
2, 5, 467, 721387
List the prime factors of 1138081899.
3, 67, 73, 77563
What are the prime factors of 515205209?
53, 269, 36137
List the prime factors of 562314069.
3, 6942149
What are the prime factors of 27453143?
27453143
What are the prime factors of 2657568245?
5, 531513649
List the prime factors of 4259915954.
2, 7, 3911, 77801
List the prime factors of 5251682.
2, 23, 114167
What are the prime factors of 2012230430?
2, 5, 7, 67, 487, 881
What are the prime factors of 855831747?
3, 167, 1708247
List the prime factors of 284857793.
11, 25896163
List the prime factors of 31192509.
3, 19, 547237
What are the prime factors of 12944826?
2, 3, 53, 4523
What are the prime factors of 1712407002?
2, 3, 79, 3612673
List the prime factors of 31502059.
37, 23011
What are the prime factors of 150779947?
6977, 21611
List the prime factors of 351069053.
109, 3220817
What are the prime factors of 2947239347?
13, 29, 31, 252181
List the prime factors of 1433633021.
83, 1063, 16249
What are the prime factors of 102248401?
1483, 68947
What are the prime factors of 58668238?
2, 19, 251, 6151
What are the prime factors of 48138172?
2, 19, 23, 27539
List the prime factors of 191603260.
2, 5, 17, 653, 863
What are the prime factors of 12480370?
2, 5, 7, 131, 1361
What are the prime factors of 41907089?
7, 5986727
What are the prime factors of 677908119?
3, 7, 47, 686837
List the prime factors of 529800699.
3, 17, 23, 451663
What are the prime factors of 745402999?
11, 37, 79, 97, 239
What are the prime factors of 6172001730?
2, 3, 5, 31, 2212187
What are the prime factors of 21656924?
2, 5414231
What are the prime factors of 310073556?
2, 3, 13, 59, 571
List the prime factors of 1183129273.
97, 109, 317, 353
List the prime factors of 653165151.
3, 12823, 16979
List the prime factors of 3165227221.
13, 59, 73, 56531
List the prime factors of 680138687.
19, 35796773
List the prime factors of 33306198.
2, 3, 191, 29063
What are the prime factors of 178960860?
2, 3, 5, 13, 37, 53
List the prime factors of 817916.
2, 11, 29, 641
What are the prime factors of 4706349242?
2, 7, 757, 444079
List the prime factors of 429549704.
2, 43, 1248691
List the prime factors of 17046737.
17046737
List the prime factors of 2421484013.
13, 19, 9803579
What are the prime factors of 69275856?
2, 3, 13, 67, 1657
What are the prime factors of 60565565?
5, 59, 205307
List the prime factors of 82526588.
2, 31, 181, 3677
List the prime factors of 672889127.
23, 29256049
List the prime factors of 626067322.
2, 313033661
What are the prime factors of 1787568554?
2, 893784277
List the prime factors of 32711405.
5, 23, 284447
List the prime factors of 252742707.
3, 7, 1337263
List the prime factors of 144648734.
2, 72324367
What are the prime factors of 41578515?
3, 5, 11, 17, 61
What are the prime factors of 40070087?
67, 173, 3457
List the prime factors of 178320662.
2, 13, 19, 360973
List the prime factors of 31491649.
7, 41, 179, 613
What are the prime factors of 155624921?
155624921
List the prime factors of 2446647237.
3, 37, 1013, 7253
List the prime factors of 301361615.
5, 1889, 31907
List the prime factors of 943889187.
3, 29, 10849301
What are the prime factors of 1518192961?
1518192961
What are the prime factors of 696289349?
7, 17, 47, 124493
List the prime factors of 360374779.
360374779
What are the prime factors of 642203368?
2, 2711, 29611
List the prime factors of 33184827.
3, 13, 283631
List the prime factors of 843805116.
2, 3, 7, 11, 27673
List the prime factors of 148553076.
2, 3, 7, 37, 47797
What are the prime factors of 90916292?
2, 19, 1196267
List the prime factors of 605272976.
2, 7, 11, 59, 757
List the prime factors of 2667506756.
2, 4019, 165931
What are the prime factors of 1065579028?
2, 523, 509359
What are the prime factors of 991168?
2, 17, 911
What are the prime factors of 46568300?
2, 5, 457, 1019
What are the prime factors of 377462687?
7, 41, 47, 27983
What are the prime factors of 279101643?
3, 2111, 44071
List the prime factors of 664507622.
2, 332253811
List the prime factors of 1587117462.
2, 3, 7, 19, 41, 179, 271
What are the prime factors of 163951011?
3, 7, 367, 1013
List the prime factors of 126680803.
23, 313, 17597
What are the prime factors of 44793702?
2, 3, 43, 101, 191
List the prime factors of 306696252.
2, 3, 17, 19, 67, 1181
List the prime factors of 391086965.
5, 78217393
List the prime factors of 18158907.
3, 13, 17, 61, 449
List the prime factors of 888273810.
2, 3, 5, 1097, 2999
List the prime factors of 88814689.
37, 313, 7669
List the prime factors of 39866836.
2, 17, 586277
What are the prime factors of 435803548?
2, 127, 223, 3847
List the prime factors of 1585262317.
709, 857, 2609
List the prime factors of 177405951.
3, 59135317
What are the prime factors of 102370998?
2, 3, 131, 139, 937
What are the prime factors of 1485821241?
3, 165091249
List the prime factors of 1218179110.
2, 5, 19, 6411469
List the prime factors of 2904460828.
2, 41, 137, 257, 503
List the prime factors of 4624665419.
11, 67, 1867, 3361
What are the prime factors of 294123015?
3, 5, 157, 13877
List the prime factors of 256108394.
2, 2621, 48857
List the prime factors of 123142906.
2, 61571453
List the prime factors of 2274622.
2, 7, 162473
List the prime factors of 515300553.
3, 5791, 9887
What are the prime factors of 68871242?
2, 11, 83, 37717
What are the prime factors of 219292683?
3, 73097561
List the prime factors of 2638358377.
751, 3513127
List the prime factors of 23608261.
23608261
List the prime factors of 500470986.
2, 3, 227, 367453
What are the prime factors of 421635453?
3, 89, 593, 2663
What are the prime factors of 1624519?
13, 19, 6577
What are the prime factors of 4772816147?
11, 17, 37, 83, 8311
What are the prime factors of 304786732?
2, 76196683
List the prime factors of 1341133007.
61, 83, 264889
List the prime factors of 238437043.
13, 29, 632459
What are the prime factors of 30727874?
2, 17, 903761
What are the prime factors of 174294096?
2, 3, 239, 15193
List the prime factors of 36003162.
2, 3, 13, 73, 6323
What are the prime factors of 13242549?
3, 23, 31, 41, 151
List the prime factors of 95532325.
5, 7, 5458